be b(7). What is the hundreds digit of (-2 - -6) + 352 + (16 - v)?
3
Suppose -65 + 65 = -4*j. Suppose j = -4*v + 105 - 101. What is the units digit of (1 - 10)*(2/v + -9)?
3
Let k(n) = 47*n**3 - 7*n**2 + 3*n + 18. Let f be k(6). Suppose -18*s + 6*s + f = 0. Suppose -7*p + s = -p. What is the hundreds digit of p?
1
Let u(l) = -84*l + 40*l + l**2 + 38*l + 35. What is the units digit of u(16)?
5
Let m = 5904 + -2493. What is the tens digit of m?
1
Let w(g) = 15*g + 22. Let x(d) = -30*d - 43. Let q(l) = -11*w(l) - 6*x(l). What is the hundreds digit of q(7)?
1
What is the ten thousands digit of 5431/2*((-4)/3)/((-40)/240)?
2
Suppose -60904 = -573*c + 571*c. What is the hundreds digit of c?
4
Let h = 48 + 19. Suppose -4*n - 2*o - 626 = 0, -365 = 2*n - 4*o - h. Let m = n - -232. What is the units digit of m?
7
Let d(u) = u**2 - 9*u - 30. Let b be d(10). Let i be -1 + 1*-1*167. What is the tens digit of ((i/5)/(-3))/((-4)/b)?
5
Let z = 56084 - 37386. What is the tens digit of z?
9
Suppose -9*o = 26 + 1. What is the tens digit of (3*o/(-6))/(6/2696)?
7
Let h = -2156 + 5976. What is the tens digit of h?
2
What is the thousands digit of 2/3 + (4*-1 - (-3895693)/111)?
5
Suppose 128688 + 225752 = 12*y + 8*y. What is the hundreds digit of y?
7
Suppose 4*q - 3*t - 766 = -0*t, -956 = -5*q + 3*t. Suppose 0 = 191*b - q*b - 463. What is the tens digit of b?
6
Let j = -15877 - -35567. What is the ten thousands digit of j?
1
Let z(g) = -64*g**2 - 22 - 9*g + 33*g**2 + 32*g**2. Let v be z(11). Suppose v = -5*l + 5 + 55. What is the tens digit of l?
1
Let a(o) = -2*o**2 - o + 64. Let n be a(-6). What is the tens digit of 661 - (-6 + 4)/(n/4)?
5
Suppose 5*o - 5*c - 2095 = 0, 61 = 5*o + 4*c - 2061. Let g = -392 + o. What is the tens digit of g?
3
Suppose -5679*l = -5673*l - 124416. What is the units digit of l?
6
Suppose -50*o - 1092037 = -81*o. What is the units digit of o?
7
Let i(w) = w**2 + 17*w + 28. Let a = 24 + -10. Suppose 0 = 4*m + 54 + a. What is the tens digit of i(m)?
2
Let s be (1 + 210/(-4))/(6/12). What is the tens digit of ((-11)/1)/1*5356/s?
7
Let j(h) = 7*h - 11. Let u be j(2). Let p(k) = 7*k**u - k**3 + 9*k**2 + 26 + 10*k - 3*k**3 - 2*k**3. What is the tens digit of p(-8)?
1
Suppose -27*o + 28776 = -5*o. What is the hundreds digit of o/(-5)*(-30)/12?
6
Let p(x) = -30*x + 19. Let g(a) = 61*a - 36. Let v(i) = 5*g(i) + 9*p(i). Suppose -3*j = -h + 2*h - 12, -2*h + 18 = 4*j. What is the units digit of v(j)?
6
What is the thousands digit of 17/((-340)/70) - 14998/(-4)?
3
Let b(x) = x**3 + x**2 - 4*x - 2. Let p be b(-2). Suppose 43 = 3*d + 2*q - 339, -2*d = p*q - 256. What is the tens digit of d?
2
Let c = 542 - -6498. What is the thousands digit of c?
7
What is the hundreds digit of (-82)/205 - 328311/(-15)?
8
Suppose -23*l + 563 = 80. Suppose -10*k = -l*k + 1991. What is the tens digit of k?
8
Let w(k) = 7633*k - 683. What is the hundreds digit of w(2)?
5
Let x = 788 - 384. Suppose -724 = -12*d + x. What is the tens digit of d?
9
Let p(z) = -z**3 - z**2 + 5*z + 3. Let t be p(0). Let h(g) = 18*g**2 + 3*g - 8. What is the tens digit of h(t)?
6
What is the units digit of (2 - 0)*(-9 - 163787/(-26))?
1
Suppose -2*w - 2*v - 24 = -w, -94 = 3*w - 5*v. Let f(q) = -q**2 - 38*q + 23. What is the hundreds digit of f(w)?
3
Suppose 602*b - 42336 = 553*b. What is the hundreds digit of b?
8
Let i(t) = -74 + 276*t + 37 + 31. What is the hundreds digit of i(1)?
2
Suppose -9*g = -11*g + 5*f + 88, 5*g = 2*f + 178. Suppose 0 = -4*z - 3*r + 1057, g = z + 2*r - 224. What is the tens digit of z?
6
Suppose 20*n = 16*n + 4. What is the tens digit of 67 + 15/((-3)/n)?
6
Let b(m) = -4*m - 9. Let a be b(-3). Suppose 11*u + 23 = 2*p + 8*u, 3*p + 3*u + a = 0. Suppose 1204 - 252 = p*y. What is the tens digit of y?
3
Let z = 122 + -69. Let y = -51 + z. Suppose y*p - 9 = 151. What is the units digit of p?
0
Let c(i) = i**2 - 6*i - 27 + 31 + 15*i. Let k = -33 - -22. What is the units digit of c(k)?
6
Suppose -5*n - y + 47358 + 45329 = 0, n = -5*y + 18571. What is the thousands digit of n?
8
Let d(l) = 449*l**3 + l**2 - 13*l + 9. What is the tens digit of d(3)?
0
Let f(c) = 7*c**2 + 52*c + 692. What is the units digit of f(-49)?
1
Let z(o) be the second derivative of -131*o**3/3 - 15*o**2/2 - 69*o. What is the hundreds digit of z(-3)?
7
What is the thousands digit of 8326974/323 - (-11)/((-209)/2)?
5
Let i(b) = -18 + 16 + 16 + 398*b. Let k be i(3). Suppose 0 = 6*d + 2*d - k. What is the tens digit of d?
5
Suppose -b + 7 = 8. Let w be ((-1 - 0)*b)/(16/(-1760)). What is the tens digit of 6*(1 - w/6)?
1
Let h(m) = -m**3 + 21*m**2 + 23*m - 24. Let l be h(22). Let b(j) = 37*j**2 + 13*j + 24. What is the units digit of b(l)?
6
Suppose 0 = 2*y - 30 + 20. Suppose 0*h = -y*h + 10. What is the tens digit of (162/12)/(h/12)?
8
Let u(r) = 11*r**2 + 45*r - 388. What is the ten thousands digit of u(-36)?
1
Let w = -28 - -32. Suppose -356 = 2*j - 6*j + w*r, -r = 2. What is the units digit of 3/(-1) - j*-1?
4
Let v(n) = -353*n - 53. Let d be v(-3). Suppose 3*h - 839 = d. What is the hundreds digit of h?
6
Suppose -5*f = -54 + 4. Suppose 0*j = f*j + 40. Let v(y) = -2*y**3 + y**2 + 5*y + 3. What is the hundreds digit of v(j)?
1
Suppose -15*m + 10*m + 85 = 0. Suppose a + m = 20. Suppose n + k - 27 = -k, 0 = a*n + 3*k - 90. What is the tens digit of n?
3
Let r = 7231 + 1453. What is the units digit of r?
4
Let z be -3 + -1 + 2 + 2. Suppose 7*j - 3*j + 412 = z. Let q = 26 - j. What is the hundreds digit of q?
1
Suppose 0 = -v - 3*b + 147, -2*v + 4*v + 4*b - 286 = 0. Suppose 182*r + v = 185*r. What is the units digit of r?
5
Let z(q) = q**3 + 16*q**2 + 11*q - 14. Let d be z(-15). Suppose -29*j - d = -30*j. Let l = -1 + j. What is the units digit of l?
5
Let s(x) = -9*x + 64. Let r = 40 + -32. Let h be s(r). Let p(l) = -2*l**3 - 13*l**2 - 12*l - 31. What is the units digit of p(h)?
7
Suppose 0 = -2*r + q + 23330, 29410 = 3*r + 6*q - 5555. What is the units digit of r?
3
Let v = 41386 - 15351. What is the tens digit of v?
3
Suppose 0 = -55*c + 346663 + 80797. What is the units digit of c?
2
Let y = -122 + 124. Suppose 5*c + 24 = -j, 5*j = y*c - 3*c. What is the units digit of j?
1
Suppose 8*g - 2*c = 12*g - 88, 0 = 3*g + 2*c - 67. What is the units digit of g?
1
Suppose 2*p - 10*k - 4199 = -5*k, -k + 10484 = 5*p. What is the units digit of 6/14 - p/(-7)?
0
What is the units digit of (50/1)/((-8281)/(-487) + -17)?
5
Let r = 19008 - 11479. What is the hundreds digit of r?
5
Suppose -18558 = 6162*o - 6171*o. What is the tens digit of o?
6
Let j(x) = 27*x + 278. Let c be j(-10). What is the tens digit of (-716)/(-14)*(-1 + c) - 2?
5
Let f be (81/(-12))/3 - 4/(-16). Let o be -5*4/(-20)*2*f. What is the units digit of 1/((o - -1) + 8076/2688)?
4
Let u(m) = m - 6. Let j = 7 + -2. Let a be u(j). What is the units digit of (279/(-6) + a)*-2?
5
Let y = 71 - 18. Let m(s) = 21*s - 50. Let p be m(5). Suppose p*q = y*q + 172. What is the tens digit of q?
8
Let g = -44425 + 92967. What is the thousands digit of g?
8
Let k = -69803 + 101765. What is the ten thousands digit of k?
3
Suppose -f = 5*v - 15408, 5*v - 76920 = -3*f - 2*f. What is the ten thousands digit of f?
1
Let t(g) be the first derivative of g**3 + 4*g**2 + 3*g - 9. Let c be t(4). Let z = 8 + c. What is the units digit of z?
1
Let x = -2191 - -12751. What is the tens digit of x?
6
Let u = -2259 - -3583. What is the tens digit of u?
2
Suppose 15*l - 363 = 16*l. Let x = l - -251. What is the hundreds digit of (1*8)/((-7)/x)?
1
What is the hundreds digit of -8133*((-52)/39 - 0)?
8
Let i be (10 - 171)*(-2 + 1). Let a = -83 + i. What is the tens digit of a?
7
Suppose -3 = 10*t + 47. What is the units digit of (248 + t - 2) + -2?
9
Let m be (-2)/(1/25*-10). Let i = -371 + 882. Suppose -3*t = m*g - i, 3*t - 2*g + 658 = 7*t. What is the tens digit of t?
6
Suppose -174 = w - 177. Suppose 2*g + 14*c - 2587 = 11*c, -g - w*c = -1292. What is the thousands digit of g?
1
Let k(d) = d**2 + d + 11. Let x(i) = 19*i + 137. Let w be x(-7). What is the tens digit of k(w)?
3
Suppose -b = -6*u + 76981, -179*u - 3*b - 12833 = -180*u. What is the ten thousands digit of u?
1
Let o(h) = h**3 - 42*h**2 - 134*h - 36. Let v be o(45). Let a be ((-2)/(-4))/(2/240). What is the units digit 